{"id":981,"date":"2015-02-26T19:26:56","date_gmt":"2015-02-26T17:26:56","guid":{"rendered":"https:\/\/www.sotronix.de\/?page_id=981"},"modified":"2019-08-03T18:38:46","modified_gmt":"2019-08-03T16:38:46","slug":"referenzen","status":"publish","type":"page","link":"https:\/\/www.sotronix.de\/index.php\/referenzen\/","title":{"rendered":"ReferenzenUebersicht"},"content":{"rendered":"<p>[et_pb_section fb_built=&#8220;1&#8243; fullwidth=&#8220;on&#8220; _builder_version=&#8220;3.26.6&#8243;][et_pb_fullwidth_code _builder_version=&#8220;3.26.6&#8243;]\n\t\t\t<!-- START SliderElektronicRefrences REVOLUTION SLIDER 6.6.16 --><p class=\"rs-p-wp-fix\"><\/p>\n\t\t\t<rs-module-wrap id=\"rev_slider_13_1_wrapper\" data-source=\"gallery\" data-aimg=\"\"  style=\"visibility:hidden;background:#E9E9E9;padding:0;margin:0px auto;margin-top:0;margin-bottom:0;background-image:url(https:\/\/www.sotronix.de\/wp-content\/uploads\/2014\/09\/HeaderGrid.png);background-repeat:no-repeat;background-size:cover;background-position:center top;\">\n\t\t\t\t<rs-module id=\"rev_slider_13_1\" style=\"\" data-version=\"6.6.16\">\n\t\t\t\t\t<rs-slides style=\"overflow: hidden; position: absolute;\">\n\t\t\t\t\t\t<rs-slide style=\"position: absolute;\" data-key=\"rs-43\" data-title=\"Slide\" data-anim=\"r:0;\" data-in=\"o:0;\" data-out=\"a:false;\">\n\t\t\t\t\t\t\t<img decoding=\"async\" src=\"\/\/www.sotronix.de\/wp-content\/plugins\/revslider\/public\/assets\/assets\/dummy.png\" alt=\"Slide\" title=\"ReferenzenUebersicht\" class=\"rev-slidebg tp-rs-img rs-lazyload\" data-lazyload=\"\/\/www.sotronix.de\/wp-content\/plugins\/revslider\/public\/assets\/assets\/transparent.png\" data-bg=\"p:center top;\" data-no-retina>\n<!--\n\t\t\t\t\t\t\t--><rs-layer\n\t\t\t\t\t\t\t\tid=\"slider-13-slide-43-layer-1\" \n\t\t\t\t\t\t\t\tdata-type=\"text\"\n\t\t\t\t\t\t\t\tdata-color=\"#8e8e93\"\n\t\t\t\t\t\t\t\tdata-rsp_ch=\"on\"\n\t\t\t\t\t\t\t\tdata-xy=\"x:339px;y:117px;\"\n\t\t\t\t\t\t\t\tdata-text=\"w:normal;s:40;l:50;\"\n\t\t\t\t\t\t\t\tdata-dim=\"minh:0px;\"\n\t\t\t\t\t\t\t\tdata-frame_0=\"o:1;\"\n\t\t\t\t\t\t\t\tdata-frame_999=\"o:0;st:2040;sp:4250;sR:1740;\"\n\t\t\t\t\t\t\t\tstyle=\"z-index:8;font-family:'Arial';\"\n\t\t\t\t\t\t\t>\u00dcber 15 Jahre Erfahrung<br \/>\nF\u00fcr die Qualit\u00e4t Ihrer Produkte \n\t\t\t\t\t\t\t<\/rs-layer><!--\n\n\t\t\t\t\t\t\t--><rs-layer\n\t\t\t\t\t\t\t\tid=\"slider-13-slide-43-layer-3\" \n\t\t\t\t\t\t\t\tdata-type=\"image\"\n\t\t\t\t\t\t\t\tdata-rsp_ch=\"on\"\n\t\t\t\t\t\t\t\tdata-xy=\"x:959px;y:-57px;\"\n\t\t\t\t\t\t\t\tdata-text=\"w:normal;\"\n\t\t\t\t\t\t\t\tdata-dim=\"w:707px;h:500px;\"\n\t\t\t\t\t\t\t\tdata-frame_999=\"o:0;st:w;\"\n\t\t\t\t\t\t\t\tstyle=\"z-index:9;\"\n\t\t\t\t\t\t\t><img decoding=\"async\" src=\"\/\/www.sotronix.de\/wp-content\/plugins\/revslider\/public\/assets\/assets\/dummy.png\" alt=\"\" class=\"tp-rs-img rs-lazyload\" width=\"707\" height=\"500\" data-lazyload=\"\/\/www.sotronix.de\/wp-content\/uploads\/2015\/03\/Referenzen.png\" data-no-retina> \n\t\t\t\t\t\t\t<\/rs-layer><!--\n-->\t\t\t\t\t\t<\/rs-slide>\n\t\t\t\t\t<\/rs-slides>\n\t\t\t\t<\/rs-module>\n\t\t\t\t<script>\n\t\t\t\t\tsetREVStartSize({c: 'rev_slider_13_1',rl:[1240,1024,768,480],el:[400],gw:[1920],gh:[400],type:'standard',justify:'',layout:'fullwidth',mh:\"0\"});if (window.RS_MODULES!==undefined && window.RS_MODULES.modules!==undefined && window.RS_MODULES.modules[\"revslider131\"]!==undefined) {window.RS_MODULES.modules[\"revslider131\"].once = false;window.revapi13 = undefined;if (window.RS_MODULES.checkMinimal!==undefined) window.RS_MODULES.checkMinimal()}\n\t\t\t\t<\/script>\n\t\t\t<\/rs-module-wrap>\n\t\t\t<!-- END REVOLUTION SLIDER -->\n[\/et_pb_fullwidth_code][\/et_pb_section][et_pb_section fb_built=&#8220;1&#8243; _builder_version=&#8220;3.22&#8243; background_color=&#8220;#ffffff&#8220; min_height=&#8220;1658px&#8220; custom_padding=&#8220;20px|||&#8220; custom_margin=&#8220;-1px|||||&#8220;][et_pb_row _builder_version=&#8220;3.25&#8243; custom_padding=&#8220;27px|0px|0|0px|false|false&#8220;][et_pb_column type=&#8220;4_4&#8243; _builder_version=&#8220;3.25&#8243; custom_padding=&#8220;|||&#8220; custom_padding__hover=&#8220;|||&#8220;][et_pb_text admin_label=&#8220;Durchgef\u00fchrte Projekte&#8220; _builder_version=&#8220;3.9&#8243; text_font_size=&#8220;16px&#8220; header_line_height=&#8220;1.4em&#8220;]<\/p>\n<h2>Durchgef\u00fchrte Projekte.<\/h2>\n<h3><span style=\"color: #80bc00;\">Geheimhaltungsvereinbarungen sind der Kern unserer Zusammenarbeit mit Ihnen.<\/span><\/h3>\n<p>Sie k\u00f6nnen daher sicher sein, dass niemals eines Ihrer Projekte hier erscheinen wird, au\u00dfer Sie geben uns die ausdr\u00fcckliche Erlaubnis hierzu.<br \/>\nAus diesem Grund finden Sie nachfolgend auch nur einen sehr kleinen Teil der in den letzten 15 Jahren durchgef\u00fchrten Projekte.<\/p>\n<p>&nbsp;<br \/>\n[\/et_pb_text][\/et_pb_column][\/et_pb_row][et_pb_row column_structure=&#8220;1_3,1_3,1_3&#8243; _builder_version=&#8220;3.25&#8243; background_size=&#8220;initial&#8220; background_position=&#8220;top_left&#8220; background_repeat=&#8220;repeat&#8220; custom_padding=&#8220;28px|0px|27px|0px|false|false&#8220;][et_pb_column type=&#8220;1_3&#8243; _builder_version=&#8220;3.25&#8243; custom_padding=&#8220;|||&#8220; custom_padding__hover=&#8220;|||&#8220;][et_pb_image src=&#8220;\/wp-content\/uploads\/2015\/03\/PlatineZK290.png&#8220; url=&#8220;\/index.php\/referenzzk\/&#8220; align_tablet=&#8220;center&#8220; align_last_edited=&#8220;on|desktop&#8220; _builder_version=&#8220;3.23&#8243; custom_margin=&#8220;-50px||-10px|&#8220; custom_margin_tablet=&#8220;-100px||-10px|&#8220; custom_margin_phone=&#8220;-100px||-10px|&#8220; custom_margin_last_edited=&#8220;on|desktop&#8220;]&nbsp;<br \/>\n[\/et_pb_image][et_pb_text admin_label=&#8220;Zugangskontrollsystem&#8220; _builder_version=&#8220;3.9&#8243;]<\/p>\n<h4>Zugangskontrollsystem<\/h4>\n<p>Niemand steht gern vor verschlossenen T\u00fcren. Hohe Zuverl\u00e4ssigkeit zusammen mit einer schnellen Ausweiserkennung waren die wesentlichen Herausforderungen bei diesem Projekt.<\/p>\n<p style=\"text-align: right;\"><a title=\"Versionsvergleich\" href=\"\/index.php\/referenzzk\/\" target=\"\" rel=\"noopener noreferrer\">Erfahren Sie mehr \u2026<\/a><\/p>\n<p>[\/et_pb_text][\/et_pb_column][et_pb_column type=&#8220;1_3&#8243; _builder_version=&#8220;3.25&#8243; custom_padding=&#8220;|||&#8220; custom_padding__hover=&#8220;|||&#8220;][et_pb_image src=&#8220;\/wp-content\/uploads\/2015\/03\/PlatinePL290.png&#8220; url=&#8220;\/index.php\/referenzdrucklogger\/&#8220; align_tablet=&#8220;center&#8220; align_last_edited=&#8220;on|desktop&#8220; _builder_version=&#8220;3.23&#8243; custom_margin=&#8220;-50px||-10px|&#8220; custom_margin_tablet=&#8220;-48px||-10px|&#8220; custom_margin_phone=&#8220;-29px||-10px|&#8220; custom_margin_last_edited=&#8220;on|phone&#8220;]&nbsp;<br \/>\n[\/et_pb_image][et_pb_text admin_label=&#8220;Batteriebetriebener Druckdatenlogger&#8220; _builder_version=&#8220;3.9&#8243;]<\/p>\n<h4>Batteriebetriebener Druckdatenlogger<\/h4>\n<p>Eine Batterielebensdauer von bis zu 10 Jahren, verbunden mit einer sehr hohen Messgenauigkeit kennzeichnen unseren Druckdatenlogger.<\/p>\n<p style=\"text-align: right;\"><a title=\"Versionsvergleich\" href=\"\/index.php\/referenzdrucklogger\/\" target=\"\" rel=\"noopener noreferrer\">Erfahren Sie mehr \u2026<\/a><\/p>\n<p>[\/et_pb_text][\/et_pb_column][et_pb_column type=&#8220;1_3&#8243; _builder_version=&#8220;3.25&#8243; custom_padding=&#8220;|||&#8220; custom_padding__hover=&#8220;|||&#8220;][et_pb_image src=&#8220;\/wp-content\/uploads\/2015\/03\/PlatineNG290.png&#8220; url=&#8220;\/index.php\/referenzng\/&#8220; align_tablet=&#8220;center&#8220; align_last_edited=&#8220;on|desktop&#8220; _builder_version=&#8220;3.23&#8243; custom_margin=&#8220;-50px||-10px|&#8220; custom_margin_tablet=&#8220;-54px||-10px|&#8220; custom_margin_phone=&#8220;-30px||-10px|&#8220; custom_margin_last_edited=&#8220;on|phone&#8220;]&nbsp;<br \/>\n[\/et_pb_image][et_pb_text admin_label=&#8220;Industrielles Steuerungssystem&#8220; _builder_version=&#8220;3.9&#8243;]<\/p>\n<h4>Industrielles Steuerungssystem<\/h4>\n<p>Beengte Platzverh\u00e4ltnisse, ein embedded PC, zwei Schrittmotorsteuerungen, Ethernet, USB und viel Pheripherie waren eine interessante Herausforderung.<\/p>\n<p style=\"text-align: right;\"><a title=\"ReferenzNG\" href=\"\/index.php\/referenzng\/\">Erfahren Sie mehr \u2026<\/a><\/p>\n<p>[\/et_pb_text][\/et_pb_column][\/et_pb_row][et_pb_row column_structure=&#8220;1_3,1_3,1_3&#8243; _builder_version=&#8220;3.25&#8243; background_size=&#8220;initial&#8220; background_position=&#8220;top_left&#8220; background_repeat=&#8220;repeat&#8220; custom_padding=&#8220;28px|0px|27px|0px|false|false&#8220;][et_pb_column type=&#8220;1_3&#8243; _builder_version=&#8220;3.25&#8243; custom_padding=&#8220;|||&#8220; custom_padding__hover=&#8220;|||&#8220;][et_pb_image src=&#8220;\/wp-content\/uploads\/2015\/03\/PlatineHT290.png&#8220; url=&#8220;\/index.php\/referenzht\/&#8220; align_tablet=&#8220;center&#8220; align_last_edited=&#8220;on|desktop&#8220; _builder_version=&#8220;3.23&#8243; custom_margin=&#8220;-50px||-10px|&#8220; custom_margin_tablet=&#8220;-54px||-10px|&#8220; custom_margin_phone=&#8220;-30px||-10px|&#8220; custom_margin_last_edited=&#8220;on|phone&#8220;]&nbsp;<br \/>\n[\/et_pb_image][et_pb_text admin_label=&#8220;Hydrantenpr\u00fcfger\u00e4t&#8220; _builder_version=&#8220;3.9&#8243;]<\/p>\n<h4>Hydrantenpr\u00fcfger\u00e4t<\/h4>\n<p>Schnellader f\u00fcr NiMh-Akkus, hochgenaue 4-20mA Eing\u00e4nge und die M\u00f6glichkeit durch Variantenbest\u00fcckung zu einer universellen Mess-Plattform erweitert zu werden.<\/p>\n<p style=\"text-align: right;\"><a title=\"ReferenzHT\" href=\"\/index.php\/referenzht\/\">Erfahren Sie mehr \u2026<\/a><\/p>\n<p>[\/et_pb_text][\/et_pb_column][et_pb_column type=&#8220;1_3&#8243; _builder_version=&#8220;3.25&#8243; custom_padding=&#8220;|||&#8220; custom_padding__hover=&#8220;|||&#8220;][et_pb_image src=&#8220;\/wp-content\/uploads\/2015\/03\/Screenshot-Controlcenter290.png&#8220; url=&#8220;\/index.php\/referenzstx\/&#8220; align_tablet=&#8220;center&#8220; align_last_edited=&#8220;on|desktop&#8220; _builder_version=&#8220;3.23&#8243; custom_margin=&#8220;-50px||-10px|&#8220; custom_margin_tablet=&#8220;-54px||-10px|&#8220; custom_margin_phone=&#8220;-30px||-10px|&#8220; custom_margin_last_edited=&#8220;on|phone&#8220;]&nbsp;<br \/>\n[\/et_pb_image][et_pb_text admin_label=&#8220;STX-Controlcenter&#8220; _builder_version=&#8220;3.9&#8243;]<\/p>\n<h4>STX-Controlcenter<\/h4>\n<p>SQlite und Postgress Datenbankunterst\u00fctzung, Bluetooth-Kommunikation ohne virtuelle Comports, automatische Updates und Remotesupport. Unser STX-Controlcenter ist ein Beleg f\u00fcr unsere Kompetenz in der Softwareentwicklung.<\/p>\n<p style=\"text-align: right;\"><a title=\"ReferenzSTX\" href=\"\/index.php\/referenzstx\/\">Erfahren Sie mehr \u2026<\/a><\/p>\n<p>[\/et_pb_text][\/et_pb_column][et_pb_column type=&#8220;1_3&#8243; _builder_version=&#8220;3.25&#8243; custom_padding=&#8220;|||&#8220; custom_padding__hover=&#8220;|||&#8220;][et_pb_image src=&#8220;\/wp-content\/uploads\/2015\/03\/PlatineExtension290.png&#8220; url=&#8220;\/index.php\/referenzextension\/&#8220; align_tablet=&#8220;center&#8220; align_last_edited=&#8220;on|desktop&#8220; _builder_version=&#8220;3.23&#8243; custom_margin=&#8220;-50px||-10px|&#8220; custom_margin_tablet=&#8220;-54px||-10px|&#8220; custom_margin_phone=&#8220;-30px||-10px|&#8220; custom_margin_last_edited=&#8220;on|phone&#8220;]&nbsp;<br \/>\n[\/et_pb_image][et_pb_text admin_label=&#8220;Multi-IO Karte&#8220; _builder_version=&#8220;3.9&#8243;]<\/p>\n<h4>Multi-IO Karte<\/h4>\n<p>RS-485, eine Vielzahl an digitalen Eing\u00e4ngen, differentielle Meldeleitungen und acht Relais.<\/p>\n<p style=\"text-align: right;\"><a title=\"ReferenzExtension\" href=\"\/index.php\/referenzextension\/\">Erfahren Sie mehr \u2026<\/a><\/p>\n<p>[\/et_pb_text][\/et_pb_column][\/et_pb_row][et_pb_row column_structure=&#8220;1_3,1_3,1_3&#8243; _builder_version=&#8220;3.25&#8243; background_size=&#8220;initial&#8220; background_position=&#8220;top_left&#8220; background_repeat=&#8220;repeat&#8220; custom_padding=&#8220;28px|0px|27px|0px|false|false&#8220;][et_pb_column type=&#8220;1_3&#8243; _builder_version=&#8220;3.25&#8243; custom_padding=&#8220;|||&#8220; custom_padding__hover=&#8220;|||&#8220;][et_pb_image src=&#8220;\/wp-content\/uploads\/2015\/03\/Konfigurationswerkzeug290.png&#8220; url=&#8220;\/index.php\/referenzkonfigtool&#8220; align_tablet=&#8220;center&#8220; align_last_edited=&#8220;on|desktop&#8220; _builder_version=&#8220;3.23&#8243; custom_margin=&#8220;-50px||-10px|&#8220; custom_margin_tablet=&#8220;-54px||-10px|&#8220; custom_margin_phone=&#8220;-30px||-10px|&#8220; custom_margin_last_edited=&#8220;on|phone&#8220;]&nbsp;<br \/>\n[\/et_pb_image][et_pb_text admin_label=&#8220;Konfigurationswerkzeug&#8220; _builder_version=&#8220;3.9&#8243;]<\/p>\n<div class=\"column1\">\n<div class=\"column_inner\">\n<h4>Konfigurationswerkzeug<\/h4>\n<p>Entwickelt in C# nach dem MVP-VM Pattern. Kommunikation \u00fcber TCP\/IP und eine verschl\u00fcsselte Daten\u00fcbetragung.<\/p>\n<p style=\"text-align: right;\"><a title=\"ReferenzKonfigtool\" href=\"\/index.php\/referenzkonfigtool\/\">Erfahren Sie mehr \u2026<\/a><\/p>\n<\/div>\n<\/div>\n<div class=\"column2\">\n<div class=\"column_inner\"><\/div>\n<\/div>\n<div class=\"column3\">\n<div class=\"column_inner\"><\/div>\n<\/div>\n<p>[\/et_pb_text][\/et_pb_column][et_pb_column type=&#8220;1_3&#8243; _builder_version=&#8220;3.25&#8243; custom_padding=&#8220;|||&#8220; custom_padding__hover=&#8220;|||&#8220;][\/et_pb_column][et_pb_column type=&#8220;1_3&#8243; _builder_version=&#8220;3.25&#8243; custom_padding=&#8220;|||&#8220; custom_padding__hover=&#8220;|||&#8220;][\/et_pb_column][\/et_pb_row][\/et_pb_section]<\/p>\n","protected":false},"excerpt":{"rendered":"<p>\n\t\t\t<!-- START SliderElektronicRefrences REVOLUTION SLIDER 6.6.16 --><p class=\"rs-p-wp-fix\"><\/p>\n\t\t\t<rs-module-wrap id=\"rev_slider_13_2_wrapper\" data-source=\"gallery\" data-aimg=\"\"  style=\"visibility:hidden;background:#E9E9E9;padding:0;margin:0px auto;margin-top:0;margin-bottom:0;background-image:url(https:\/\/www.sotronix.de\/wp-content\/uploads\/2014\/09\/HeaderGrid.png);background-repeat:no-repeat;background-size:cover;background-position:center top;\">\n\t\t\t\t<rs-module id=\"rev_slider_13_2\" style=\"\" data-version=\"6.6.16\">\n\t\t\t\t\t<rs-slides style=\"overflow: hidden; position: absolute;\">\n\t\t\t\t\t\t<rs-slide style=\"position: absolute;\" data-key=\"rs-43\" data-title=\"Slide\" data-anim=\"r:0;\" data-in=\"o:0;\" data-out=\"a:false;\">\n\t\t\t\t\t\t\t<img decoding=\"async\" src=\"\/\/www.sotronix.de\/wp-content\/plugins\/revslider\/public\/assets\/assets\/dummy.png\" alt=\"Slide\" title=\"ReferenzenUebersicht\" class=\"rev-slidebg tp-rs-img rs-lazyload\" data-lazyload=\"\/\/www.sotronix.de\/wp-content\/plugins\/revslider\/public\/assets\/assets\/transparent.png\" data-bg=\"p:center top;\" data-no-retina>\n<!--\n\t\t\t\t\t\t\t--><rs-layer\n\t\t\t\t\t\t\t\tid=\"slider-13-slide-43-layer-1\" \n\t\t\t\t\t\t\t\tdata-type=\"text\"\n\t\t\t\t\t\t\t\tdata-color=\"#8e8e93\"\n\t\t\t\t\t\t\t\tdata-rsp_ch=\"on\"\n\t\t\t\t\t\t\t\tdata-xy=\"x:339px;y:117px;\"\n\t\t\t\t\t\t\t\tdata-text=\"w:normal;s:40;l:50;\"\n\t\t\t\t\t\t\t\tdata-dim=\"minh:0px;\"\n\t\t\t\t\t\t\t\tdata-frame_0=\"o:1;\"\n\t\t\t\t\t\t\t\tdata-frame_999=\"o:0;st:2040;sp:4250;sR:1740;\"\n\t\t\t\t\t\t\t\tstyle=\"z-index:8;font-family:'Arial';\"\n\t\t\t\t\t\t\t>\u00dcber 15 Jahre Erfahrung<br \/>\nF\u00fcr die Qualit\u00e4t Ihrer Produkte \n\t\t\t\t\t\t\t<\/rs-layer><!--\n\n\t\t\t\t\t\t\t--><rs-layer\n\t\t\t\t\t\t\t\tid=\"slider-13-slide-43-layer-3\" \n\t\t\t\t\t\t\t\tdata-type=\"image\"\n\t\t\t\t\t\t\t\tdata-rsp_ch=\"on\"\n\t\t\t\t\t\t\t\tdata-xy=\"x:959px;y:-57px;\"\n\t\t\t\t\t\t\t\tdata-text=\"w:normal;\"\n\t\t\t\t\t\t\t\tdata-dim=\"w:707px;h:500px;\"\n\t\t\t\t\t\t\t\tdata-frame_999=\"o:0;st:w;\"\n\t\t\t\t\t\t\t\tstyle=\"z-index:9;\"\n\t\t\t\t\t\t\t><img decoding=\"async\" src=\"\/\/www.sotronix.de\/wp-content\/plugins\/revslider\/public\/assets\/assets\/dummy.png\" alt=\"\" class=\"tp-rs-img rs-lazyload\" width=\"707\" height=\"500\" data-lazyload=\"\/\/www.sotronix.de\/wp-content\/uploads\/2015\/03\/Referenzen.png\" data-no-retina> \n\t\t\t\t\t\t\t<\/rs-layer><!--\n-->\t\t\t\t\t\t<\/rs-slide>\n\t\t\t\t\t<\/rs-slides>\n\t\t\t\t<\/rs-module>\n\t\t\t\t<script>\n\t\t\t\t\tsetREVStartSize({c: 'rev_slider_13_2',rl:[1240,1024,768,480],el:[400],gw:[1920],gh:[400],type:'standard',justify:'',layout:'fullwidth',mh:\"0\"});if (window.RS_MODULES!==undefined && window.RS_MODULES.modules!==undefined && window.RS_MODULES.modules[\"revslider132\"]!==undefined) {window.RS_MODULES.modules[\"revslider132\"].once = false;window.revapi13_2 = undefined;if (window.RS_MODULES.checkMinimal!==undefined) window.RS_MODULES.checkMinimal()}\n\t\t\t\t<\/script>\n\t\t\t<\/rs-module-wrap>\n\t\t\t<!-- END REVOLUTION SLIDER -->\nDurchgef\u00fchrte Projekte. Geheimhaltungsvereinbarungen sind der Kern unserer Zusammenarbeit mit Ihnen. Sie k\u00f6nnen daher sicher sein, dass niemals eines Ihrer Projekte hier erscheinen wird, au\u00dfer Sie geben uns die ausdr\u00fcckliche Erlaubnis hierzu. Aus diesem Grund finden Sie nachfolgend auch nur einen sehr kleinen Teil der in den letzten 15 Jahren durchgef\u00fchrten Projekte. &nbsp; &nbsp; Zugangskontrollsystem [&hellip;]<\/p>\n","protected":false},"author":1,"featured_media":0,"parent":0,"menu_order":0,"comment_status":"closed","ping_status":"closed","template":"","meta":{"_et_pb_use_builder":"on","_et_pb_old_content":"","_et_gb_content_width":"","footnotes":""},"class_list":["post-981","page","type-page","status-publish","hentry"],"_links":{"self":[{"href":"https:\/\/www.sotronix.de\/index.php\/wp-json\/wp\/v2\/pages\/981","targetHints":{"allow":["GET"]}}],"collection":[{"href":"https:\/\/www.sotronix.de\/index.php\/wp-json\/wp\/v2\/pages"}],"about":[{"href":"https:\/\/www.sotronix.de\/index.php\/wp-json\/wp\/v2\/types\/page"}],"author":[{"embeddable":true,"href":"https:\/\/www.sotronix.de\/index.php\/wp-json\/wp\/v2\/users\/1"}],"replies":[{"embeddable":true,"href":"https:\/\/www.sotronix.de\/index.php\/wp-json\/wp\/v2\/comments?post=981"}],"version-history":[{"count":93,"href":"https:\/\/www.sotronix.de\/index.php\/wp-json\/wp\/v2\/pages\/981\/revisions"}],"predecessor-version":[{"id":2425,"href":"https:\/\/www.sotronix.de\/index.php\/wp-json\/wp\/v2\/pages\/981\/revisions\/2425"}],"wp:attachment":[{"href":"https:\/\/www.sotronix.de\/index.php\/wp-json\/wp\/v2\/media?parent=981"}],"curies":[{"name":"wp","href":"https:\/\/api.w.org\/{rel}","templated":true}]}}